+ 2*t(p). Give n(o).
-8
Let v(b) be the third derivative of b**5/60 + b**4/4 + b**3/2 - 6*b**2 - 8. Let a be (-6)/((-3)/12 + 1). Let k(y) = 3*y + 22. Let n be k(a). What is v(n)?
-5
Let o(v) be the first derivative of 2*v**3/3 + v + 1. Let m be 26 + -26 + 10 + -2. Let j be m*(8 + -9) - -9. Determine o(j).
3
Let f(p) be the third derivative of -245*p**4/24 - 163*p**3 - 724*p**2 + 7*p. What is f(-4)?
2
Let o be 18/4*(14 - 16). Let m(r) = r + 24. Calculate m(o).
15
Let a(g) = -6*g + 17. Let d be 39*21/((3 - 4)*-1). Let y = d - 816. What is a(y)?
-1
Let d(f) = f**3 + 9*f**2 + 2*f + 13. Let p(h) = 39*h - 187. Let l be p(6). Let b = 38 - l. Calculate d(b).
-5
Suppose -2*n + 19 = m, 5*n - 62 = -0*m - 3*m. Let f = 38 - m. Let x(g) = -14 + f + g + 9. What is x(-6)?
-2
Let y(i) = 5*i + 2. Let g = 30421 + -30404. Determine y(g).
87
Suppose -24*p = -20*p - 8. Let s(m) = -2*m + 27*m**p - 48*m**2 + 3 + 22*m**2. Let h be 78/(-80)*-5 - (-2)/16. Determine s(h).
18
Let r(y) = -460 - 12*y**2 + 905 - 453 + 7*y + 14*y + y**3. Determine r(10).
2
Let m(u) = 13*u - u**2 + 11 - 2*u + 2*u**2. Let t = 10 - -1112. Suppose -g - 1131 = -t. Give m(g).
-7
Suppose -2*w - 190 = -206. Let y(x) be the first derivative of -x**3/3 + 3*x**2 + 3*x + 46. Give y(w).
-13
Let t(a) = -a**3 + 8*a**2 - 12*a + 33. Let v(h) = -h**3 - 19*h**2 - 93*h - 23. Let n be v(-10). Determine t(n).
-2
Let t be (-2)/8*(-1260)/35. Let w(m) = -m - m - 8 + m + 0*m. Determine w(t).
-17
Let n(t) = t**2 - 3*t - 2. Suppose 5*y - 98 = -23. Suppose -29*v + 26*v - y = 0. Let c be -4 + 5*(-2)/v. What is n(c)?
8
Let s = -3 - 0. Let o(h) be the first derivative of 7*h + 4*h + 2*h**2 - 9*h + 2*h + 241. What is o(s)?
-8
Let c(t) = t**3 - 3*t**2 - 3*t - 7. Let m be (24/(-36))/((-2)/750). Let g = -245 + m. Calculate c(g).
28
Let h(r) = r**3 + 11*r**2 + 10*r - 6. Let y(q) be the first derivative of 4*q**2 + 294*q - 110. Let w be y(-38). Calculate h(w).
-6
Let a(z) = 8 + 3*z - 41*z**3 + 70*z**3 + 2*z - 28*z**3 + 0*z - 9*z**2. Give a(8).
-16
Let f(j) = -j**3 + 7*j**2 - 6*j - 6. Let p be ((-15)/(-4))/((-6)/(-32)). Suppose -216*v + p = -212*v. Calculate f(v).
14
Let k(v) = v + 1. Let j(x) = -6*x - 7. Let p(a) = -a - 37. Let l be p(-42). Let f(w) = l*k(w) + j(w). Calculate f(10).
-12
Suppose -816 = -180*c + 214*c. Let d(o) = -9*o - 190. What is d(c)?
26
Suppose 3*u + 4*p = 21 - 1, 5*u + 4*p = 20. Let v be 1/(-4 + 108/28)*-7. Let l(m) = -4 - 50*m**3 - m**2 + v*m**3 - 7 + 2*m**2. Give l(u).
-11
Let f(p) = -13*p - 248. Let k(n) = 4*n + 78. Let l(u) = -22*f(u) - 70*k(u). Suppose 2*t - 9 = -t. Suppose 0 = 4*v - 3*v + t. Calculate l(v).
-22
Let p(a) = -a**3 - 29*a**2 + 12*a + 5. Let w(n) = 3*n**3 + 85*n**2 - 37*n - 15. Let q(z) = -19*z + 78. Let d be q(5). Let f(j) = d*p(j) - 6*w(j). Give f(-18).
5
Let b be (-14 + (-261)/(-18))*16. Let p(v) = -v**2 + 6*v + 17. What is p(b)?
1
Let q(s) = 14*s**3 + 8*s**2 - 77*s + 244. Let n(y) = 5*y**3 + 3*y**2 - 28*y + 82. Let u(m) = -11*n(m) + 4*q(m). Determine u(0).
74
Let c(i) be the second derivative of i**6/360 - i**5/20 - 29*i**4/2 - i - 22. Let l(s) be the third derivative of c(s). Determine l(0).
-6
Let h(s) = 5*s**2 + 12*s - 29. Let f be -6*(-2)/18*((1 - -15) + -13). Give h(f).
15
Let p(g) = g**3 - 12*g**2 - g + 1. Suppose 3*c + 6 = 42. Let z be p(c). Let s(m) = m**3 + 12*m**2 + 14*m + 13. Give s(z).
-20
Let o(t) = -13*t - 29. Let i(f) = -28*f - 63. Let n(m) = 4*i(m) - 9*o(m). Determine n(-2).
-1
Let x(y) = y + 38. Suppose 0 = -26*o - 413 - 55. What is x(o)?
20
Let t(a) = -5*a + 1. Let g = -551 - -561. What is t(g)?
-49
Let m(d) be the first derivative of -1/12*d**4 - 17*d - 7/2*d**2 + 3 - 5/6*d**3. Let a(b) be the first derivative of m(b). Determine a(-6).
-13
Let q(j) = -172 - 10*j**3 + 7*j**2 - j + 168 + 11*j**3. Suppose -d + 3*z + 3 = 0, -8*z + 2 = -4*d - 3*z. Let y be 2 + (-27)/d*-1. Give q(y).
3
Let w(z) be the second derivative of -z**4/24 - 7*z**3/3 + 4*z**2 - 46*z. Let s(d) be the first derivative of w(d). Let r be (-20 - 1)*5/15. Determine s(r).
-7
Let l(g) = -g**2 + 2*g. Let h(c) = 2*c**2 - c - 4. Let s(b) = b**2 - 8*b + 9. Let x be s(6). Let n(u) = x*l(u) - h(u). Calculate n(3).
-2
Let t = -3915 + 3932. Let k(j) = j**2 + 9*j - 441. Give k(t).
1
Suppose -23*y + 2 - 117 = 0. Let d(z) = z**3 + 5*z**2 - 6*z - 8. What is d(y)?
22
Let q(r) be the third derivative of r**5/60 + 7*r**4/24 - 11*r**3/6 + 16*r**2. Suppose -24*t - 20 = -22*t + 2*p, t + 14 = -5*p. Calculate q(t).
7
Let j be ((-4)/(-14))/((-340)/5355*2/(-8)). Let r(f) = f**3 - 20*f**2 + 33*f + 45. Give r(j).
-9
Let y(s) = -4*s**3 + 50*s**2 + 31*s - 35. Let r be y(13). Let w(h) = h**3 - 31*h**2 + 29*h + 11. Give w(r).
-19
Let y(k) = k**2 - 7*k + 8. Suppose 6*o = 8*o - 20. Let p be (o - 6) + (0 - -1). Calculate y(p).
-2
Let l(i) = i**3 - 3*i**2 - 3*i. Let v = -92 - -103. Let j(z) = -28*z - 4*z**2 + 42*z - v - 4 + 13*z. Let u be j(6). Determine l(u).
-9
Let c(m) = -2*m**2 - 3*m - 1. Let i(n) = -2*n**2 - 11*n + 4. Suppose -d - 4*t = -6, 0 = t - 3. Let l be i(d). What is c(l)?
-3
Let d(r) = 138*r - 260*r + 127*r - r**3 + 4. Determine d(3).
-8
Let y(g) = -65*g - 1831. Let a(x) = 13*x + 373. Let h(i) = -29*a(i) - 6*y(i). What is h(-13)?
0
Let w(x) = -5 + 0*x**3 + 3*x**3 - 2*x**3 + 10*x**2. Let k(m) = -138*m + 404. Let d be k(3). Determine w(d).
-5
Suppose -64*m = -6*m - 98 - 250. Let f(v) = v + 11. Let h(u) = 2*u + 32. Let q(d) = -8*f(d) + 3*h(d). Give q(m).
-4
Suppose 72*t - 113*t = -65*t + 168. Let u(b) = -b**3 + 6*b**2 - 2*b - 13. Calculate u(t).
-76
Let k(v) = 12 - 3*v + 28 - 49. Suppose 5*p + p = -42. What is k(p)?
12
Suppose 0 = -l + 5*c + 119, 0 = -l + 2*c + 91 + 31. Let k = -122 + l. Let q(f) = -5*f - 1 + f**3 + 6*f - 3*f**2 + 8*f**k. Give q(-5).
-6
Suppose 0 = -q - 4*v + 34, -28 = -4*q - 0*v + 2*v. Let h(u) = -u**2 + 14*u - 41. Determine h(q).
-1
Let r(w) = -w**2 + 4*w + 2. Suppose -5*c = 15, 87*j - 84*j - 27 = 4*c. Suppose -2*u = 5*v - 6*v - 6, -4*u = -j*v. Calculate r(u).
-3
Let r = -618 + 596. Let d be (3 - 8/2) + 16 + r. Let i(h) = h**2 + 10*h + 5. Calculate i(d).
-16
Let d(t) be the first derivative of -t**6/180 - t**5/30 - t**4/8 - t**3 + 15*t**2 + 141. Let r(a) be the third derivative of d(a). Determine r(-2).
-3
Let r(q) be the second derivative of -13*q**3/6 + 220*q - 1. Determine r(-1).
13
Suppose 0 = -3*p - 9, 36*p - 35*p = -5*x - 43. Let r(n) = -25*n - 206. Determine r(x).
-6
Let y(c) = c + 13. Suppose -7*h - 51 + 2 = 0. Let i be y(h). Let q(b) = b**2 - 3*b - 11. Calculate q(i).
7
Let c(b) = 7*b + 336. Let l(d) = -21*d**2 - 758*d - 119. Let r be l(-36). Give c(r).
7
Let i(t) = t**2 - 15*t - 9. Let q = 668 - 435. Let o = q - 218. Determine i(o).
-9
Let l(t) = 6*t + 0*t + 2 - 28. Let g be l(6). Let n(i) = 4 + 6*i + i**2 - 4*i - 3*i + g*i. Give n(-6).
-14
Let r(x) = x**2 + 19*x + 22. Let v be r(-18). Suppose 2*l - 5*w = 15, w - 1 + v = 3*l. Let k be (l + 2/(-5))/((-2)/30). Let o(a) = 2*a - 2. Determine o(k).
10
Suppose -5*b = f + 20 - 3, -b - 4 = 0. Let u(i) be the first derivative of i**2/2 - 3*i - 1638. Determine u(f).
0
Suppose -x = -2*x + k - 8, 0 = 4*x + 4*k + 8. Let v(h) be the third derivative of -h**4/6 - 2*h**3 + 9*h**2 - h - 11. Determine v(x).
8
Suppose 4*a - 16 = 0, 5*a = 3*k + 3*a - 328. Let m = k + -110. Let f(u) = -m*u + 8 + 3 + 3 - 17. Give f(-4).
5
Let l(g) be the first derivative of -g**4/2 + 2*g**3 + g**2 - 2*g + 96. Let p(b) = -2*b**3 + 8*b**2 + 2*b - 3. Let c(a) = -4*l(a) + 3*p(a). Give c(2).
11
Suppose -35*m + 187 + 338 = 0. Let b(u) = 6 - m + u**3 + 2 - u + 5. Suppose 0*d + 4*d + 8 = 0. Give b(d).
-8
Suppose -30 = 2*b + 3*b. Let s(r) be the first derivative of 5*r**3/3 + 29*r**2/2 + r + 144. Let f be s(b). Let c(z) = z**3 - 7*z**2 + 2. What is c(f)?
2
Let s = 923 - 922. Let h(q) = -51*q**2 - 2. What is h(s)?
-53
Let m(r) = -120*r + 90. Let y(i) = 54*i - 45. Let c(u) = -4*m(u) - 9*y(u). What is c(-17)?
147
Let i(y) = -y**2 + 1. Let g be (0 + -5)*3/(-15). Let b(n) = n**3 - n**2 + 1. Let w be b(g). Suppose 0 = 7*z + 6 + w. Give i(z).
0
Let h(r) be the second derivative of -r**4/12 - 10*r**3/3 - 13*r**2/2 + 3*r - 6. Let y(c) be the first derivative of h(c). What is y(-9)?
-2
Let b(z) = z**2 - 78*z + 498. Let t be b(7). Let c(f) = 4*f**2 + f. Give c(t).
5
Let p(t) be the third derivative of t*